160 and 500.
20
What is the greatest common factor of 27 and 243?
27
What is the greatest common factor of 10 and 675?
5
Calculate the greatest common factor of 54 and 108.
54
Calculate the highest common divisor of 339 and 9266.
113
Calculate the greatest common factor of 288 and 444.
12
Calculate the greatest common factor of 5071 and 55.
11
Calculate the highest common divisor of 12 and 726.
6
What is the greatest common factor of 744 and 24?
24
Calculate the highest common factor of 20475 and 18.
9
Calculate the highest common divisor of 4 and 1056.
4
Calculate the greatest common divisor of 1 and 197.
1
What is the greatest common factor of 489 and 9454?
163
Calculate the greatest common divisor of 177 and 3363.
177
What is the highest common divisor of 504 and 144?
72
What is the highest common factor of 6 and 22?
2
What is the highest common divisor of 54 and 1458?
54
Calculate the highest common factor of 7361 and 51.
17
What is the highest common factor of 789 and 3?
3
Calculate the highest common factor of 870 and 30.
30
Calculate the highest common divisor of 4602 and 26.
26
What is the highest common divisor of 279 and 186?
93
What is the highest common divisor of 85 and 901?
17
Calculate the greatest common factor of 251 and 1.
1
Calculate the greatest common divisor of 55 and 3355.
55
Calculate the highest common divisor of 119 and 7.
7
What is the highest common factor of 280 and 3010?
70
Calculate the greatest common divisor of 4325 and 325.
25
Calculate the greatest common divisor of 3 and 96.
3
What is the greatest common factor of 56 and 868?
28
What is the highest common divisor of 624 and 32?
16
Calculate the highest common factor of 2 and 5582.
2
What is the highest common divisor of 40 and 150?
10
Calculate the greatest common factor of 18 and 954.
18
Calculate the greatest common divisor of 3465 and 539.
77
Calculate the highest common factor of 1 and 1.
1
What is the highest common divisor of 12267 and 783?
261
Calculate the highest common factor of 404 and 707.
101
Calculate the highest common factor of 12 and 88.
4
What is the highest common divisor of 12908 and 14?
14
Calculate the greatest common factor of 24563 and 406.
203
What is the greatest common divisor of 6419 and 2882?
131
What is the highest common factor of 435 and 60?
15
What is the greatest common divisor of 42 and 2478?
42
Calculate the highest common divisor of 15 and 465.
15
What is the greatest common factor of 4266 and 216?
54
What is the highest common divisor of 1287 and 66?
33
What is the greatest common divisor of 616 and 2520?
56
What is the greatest common factor of 11 and 2563?
11
What is the highest common factor of 140 and 180?
20
Calculate the highest common factor of 2 and 326.
2
What is the highest common factor of 106 and 7102?
106
What is the greatest common divisor of 6 and 5682?
6
What is the highest common factor of 627 and 99?
33
Calculate the highest common factor of 29 and 18.
1
What is the highest common divisor of 7831 and 41?
41
What is the greatest common factor of 6019 and 39?
13
Calculate the greatest common divisor of 138 and 30.
6
What is the greatest common factor of 28 and 182?
14
What is the greatest common divisor of 162 and 2079?
27
What is the highest common factor of 598 and 585?
13
What is the greatest common divisor of 25 and 400?
25
What is the greatest common factor of 18 and 294?
6
Calculate the highest common divisor of 22264 and 184.
184
Calculate the highest common divisor of 1221 and 111.
111
What is the greatest common factor of 128 and 3136?
64
Calculate the highest common factor of 50 and 3550.
50
Calculate the greatest common factor of 48 and 432.
48
Calculate the highest common factor of 3081 and 65.
13
Calculate the greatest common divisor of 24 and 132.
12
What is the greatest common factor of 1610 and 7?
7
What is the greatest common divisor of 1408 and 22?
22
What is the greatest common factor of 2948 and 2412?
268
Calculate the greatest common divisor of 84 and 9.
3
What is the highest common factor of 144 and 1392?
48
What is the highest common factor of 233 and 1?
1
What is the greatest common factor of 209 and 110?
11
What is the greatest common factor of 52 and 117?
13
Calculate the highest common divisor of 323 and 589.
19
Calculate the greatest common divisor of 783 and 972.
27
What is the greatest common factor of 2009 and 41?
41
What is the greatest common divisor of 50787 and 486?
243
What is the greatest common divisor of 21 and 69?
3
What is the highest common divisor of 1143 and 9?
9
What is the greatest common divisor of 153 and 126?
9
What is the highest common factor of 437 and 57?
19
What is the greatest common factor of 228 and 324?
12
What is the greatest common divisor of 6195 and 21?
21
Calculate the highest common factor of 150 and 16140.
30
Calculate the highest common factor of 9 and 99.
9
Calculate the highest common divisor of 275 and 385.
55
Calculate the highest common divisor of 99 and 319.
11
Calculate the greatest common factor of 48588 and 12.
12
Calculate the highest common divisor of 663 and 2703.
51
What is the highest common divisor of 140 and 20?
20
What is the greatest common divisor of 244 and 4?
4
Calculate the greatest common factor of 385 and 55.
55
What is the greatest common divisor of 1 and 24?
1
What is the highest common divisor of 42 and 1666?
14
What is the greatest common divisor of 575 and 184?
23
What is the greatest common divisor of 9641 and 31?
31
Calculate the greatest common divisor of 1517 and 37.
37
Calculate the highest common factor of 51 and 969.
51
What is the greatest common factor of 14 and 686?
14
What is the greatest common divisor of 301 and 86?
43
Calculate the greatest common divisor of 7 and 35.
7
What is the highest common factor of 120 and 105?
15
What is the greatest common factor of 88 and 8?
8
Calculate the highest common divisor of 966 and 414.
138
What is the greatest common factor of 5595 and 15?
15
What is the greatest common divisor of 7 and 4?
1
What is the highest common divisor of 23 and 1817?
23
What is the greatest common factor of 8 and 3?
1
What is the highest common divisor of 2573 and 249?
83
What is the highest common factor of 867 and 17?
17
What is the highest common factor of 141 and 6063?
141
Calculate the greatest common divisor of 1420 and 15.
5
What is the highest common factor of 4498 and 865?
173
What is the highest common divisor of 237 and 3397?
79
What is the highest common factor of 5 and 190?
5
Calculate the highest common factor of 154 and 28.
14
Calculate the highest common divisor of 833 and 49.
49
What is the highest common divisor of 4757 and 213?
71
What is the highest common divisor of 15 and 1215?
15
What is the highest common divisor of 330 and 726?
66
What is the greatest common divisor of 5 and 115?
5
What is the greatest common factor of 10 and 80?
10
What is the highest common divisor of 13545 and 63?
63
Calculate the highest common divisor of 872 and 8.
8
What is the greatest common factor of 210 and 510?
30
What is the greatest common divisor of 28330 and 50?
10
Calculate the highest common divisor of 69 and 184.
23
What is the greatest common divisor of 90 and 480?
30
Calculate the highest common factor of 176 and 11.
11
What is the greatest common factor of 1104 and 36?
12
What is the highest common factor of 3 and 87?
3
What is the highest common divisor of 529 and 46?
23
What is the highest common factor of 656 and 1024?
16
Calculate the highest common divisor of 108 and 1836.
108
Calculate the highest common factor of 5304 and 255.
51
What is the greatest common divisor of 20550 and 25?
25
Calculate the highest common factor of 1338 and 24.
6
Calculate the greatest common factor of 203 and 1337.
7
Calculate the highest common factor of 71 and 213.
71
Calculate the highest common divisor of 7 and 112.
7
What is the greatest common divisor of 30090 and 59?
59
What is the greatest common factor of 448 and 48?
16
Calculate the greatest common factor of 132 and 220.
44
Calculate the greatest common factor of 159 and 106.
53
What is the greatest common factor of 180 and 250?
10
What is the highest common factor of 572 and 308?
44
What is the greatest common factor of 384 an